{"id":148,"date":"2011-08-22T12:22:20","date_gmt":"2011-08-22T12:22:20","guid":{"rendered":"http:\/\/igpe.se\/?page_id=148"},"modified":"2018-02-05T11:54:47","modified_gmt":"2018-02-05T11:54:47","slug":"utbildning","status":"publish","type":"page","link":"https:\/\/igpe.se\/?page_id=148","title":{"rendered":"Bakgrund"},"content":{"rendered":"<p><em>Vi \u00e4r av Socialstyrelsen legitimerade psykologer och \u00e4r anslutna till Sveriges psykologf\u00f6retagare. Vi har m\u00e5ng\u00e5rig erfarenhet fr\u00e5n psykologiskt inriktat behandlingsarbete och \u00e4r utbildade vid \u00d6rebro Universitet som har ett\u00a0psykologprogram med integrativ inriktning. Under utbildningen har vi genomg\u00e5tt en teoretisk del som innefattar olika inriktningar, som KBT (kognitiv beteendeterapi), psykodynamisk, existentiell och kognitiv terapi m.fl. Utbildningen har b\u00e5de innefattat de olika inriktningarna var f\u00f6r sig och hur de kan samverka under en integrativ terapi.<\/em><\/p>\n<p>&nbsp;<\/p>\n<p>&nbsp;<\/p>\n","protected":false},"excerpt":{"rendered":"<p>Vi \u00e4r av Socialstyrelsen legitimerade psykologer och \u00e4r anslutna till Sveriges psykologf\u00f6retagare. Vi har m\u00e5ng\u00e5rig erfarenhet fr\u00e5n psykologiskt inriktat behandlingsarbete och \u00e4r utbildade vid \u00d6rebro Universitet som har ett\u00a0psykologprogram med integrativ inriktning. Under utbildningen har vi genomg\u00e5tt en teoretisk del &hellip; <a href=\"https:\/\/igpe.se\/?page_id=148\">Continue reading <span class=\"meta-nav\">&rarr;<\/span><\/a><\/p>\n","protected":false},"author":1,"featured_media":0,"parent":0,"menu_order":0,"comment_status":"closed","ping_status":"open","template":"","meta":[],"_links":{"self":[{"href":"https:\/\/igpe.se\/index.php?rest_route=\/wp\/v2\/pages\/148"}],"collection":[{"href":"https:\/\/igpe.se\/index.php?rest_route=\/wp\/v2\/pages"}],"about":[{"href":"https:\/\/igpe.se\/index.php?rest_route=\/wp\/v2\/types\/page"}],"author":[{"embeddable":true,"href":"https:\/\/igpe.se\/index.php?rest_route=\/wp\/v2\/users\/1"}],"replies":[{"embeddable":true,"href":"https:\/\/igpe.se\/index.php?rest_route=%2Fwp%2Fv2%2Fcomments&post=148"}],"version-history":[{"count":13,"href":"https:\/\/igpe.se\/index.php?rest_route=\/wp\/v2\/pages\/148\/revisions"}],"predecessor-version":[{"id":279,"href":"https:\/\/igpe.se\/index.php?rest_route=\/wp\/v2\/pages\/148\/revisions\/279"}],"wp:attachment":[{"href":"https:\/\/igpe.se\/index.php?rest_route=%2Fwp%2Fv2%2Fmedia&parent=148"}],"curies":[{"name":"wp","href":"https:\/\/api.w.org\/{rel}","templated":true}]}}